 - q - 3. Let p(b) = 25*b - 13. Is p(d) a composite number?
True
Is (3 + (-2852)/(-8))/((-4)/(-8)) a composite number?
False
Suppose -137216 = t - 5*t + 4*v, 3*t - v = 102922. Is t prime?
False
Suppose -22994 = -3*g - 605. Is g a composite number?
True
Let a(u) = 105*u - 446. Is a(31) prime?
False
Let h(p) = -84*p**2 - 3*p. Suppose 0 = -n - 2*c - 2, 0 = 4*c - c. Let k be h(n). Is (-2)/(6/3) - k a composite number?
True
Suppose -2317 = -370*p + 369*p. Is p prime?
False
Let o(b) = 35*b**3 + 3*b**2 - 6*b - 15. Let g be (1 - 0)/(2/10). Is o(g) a composite number?
True
Suppose -3*n + 154485 = 6*n. Is n a composite number?
True
Let r be 0/(-2) + -6 + 0 + 8. Suppose -3*x + r*n + 233 = 0, 3*x = -2*x + 4*n + 387. Is x prime?
True
Let x(m) = 77*m**3 + 4*m**2 - 20*m + 48. Is x(5) prime?
False
Let m(d) = 32*d - 14. Let k be m(4). Let u = 253 - k. Is u a prime number?
True
Suppose 30*d - 82779 = 8331. Is d prime?
True
Let m = 9 - 2. Suppose -6*b + m = -5*b. Suppose b*q = 3*q + 596. Is q prime?
True
Is 360964/10 + 352/220 composite?
True
Let p = -15699 + 25286. Is p composite?
False
Suppose 25*v - 539885 = 6*v. Is v composite?
True
Suppose 14390 = 5*m + 4885. Is m prime?
True
Let s(v) = -2*v - 2. Let g be s(-7). Let t = g + -13. Is (-2 + -19)/(-2 - t) prime?
False
Let d = 4850 - 3451. Is d a composite number?
False
Let s be (-3)/(-3) + (-1 - -3). Suppose 0 = 5*z + 25*z - 90. Suppose -z*u + 13 + 224 = 5*h, s*h = 2*u - 158. Is u a prime number?
True
Let l be (-1 + 53/2)*(-4 + 50). Is (11/3 + -3)/(2/l) a prime number?
False
Let l(o) = o - 6*o**2 + o**3 + 3 + 5 + o. Let t be l(6). Is 2/(-5) - (-708)/t prime?
False
Suppose 5*n - 40415 = -8170. Is n prime?
True
Suppose -2*g = -361 - 2669. Suppose 2*t = 3*t - 4*v - 1535, t = -v + g. Suppose -3*m + t = -2*b - 84, -5*m = 5*b - 2655. Is m prime?
False
Is ((-56399)/(-294))/((-3)/(-36)) a composite number?
True
Is 28341/(-18)*(-6)/3 a composite number?
True
Suppose 3*o + 5*a - 23433 + 4376 = 0, -3*a = o - 6355. Is o a prime number?
False
Suppose f - s - 103 = 0, -7*f + 3*s = -2*f - 521. Suppose f*b + 1942 = 108*b. Is b prime?
True
Let u = 4026 - -1753. Is u composite?
False
Is (2 + -1308)*-2 + (-18)/18 composite?
True
Suppose 101689 = -35*y + 1759674. Is y prime?
False
Suppose 3*c - 4*p - 4075 = 0, -3*c + 5633 = -5*p + 1560. Is c a prime number?
True
Suppose 0 = -b + 897 + 53. Let t = 576 + b. Suppose 24 = -2*j + t. Is j a composite number?
False
Suppose 3*z - 96 = -45. Suppose z*g = 19*g - 188. Is g a composite number?
True
Let j(p) = -4*p**2 + 8*p - 20. Let x(m) be the first derivative of 4*m**3/3 - 9*m**2/2 + 21*m + 4. Let g(u) = -4*j(u) - 3*x(u). Is g(8) prime?
True
Let y(w) = -79*w - 20. Let b(d) = 79*d + 21. Let n(a) = -2*b(a) - 3*y(a). Let l be n(8). Let j = l + -131. Is j a composite number?
True
Let d(q) = q**3 + 5*q**2 - 7*q - 1. Let v be d(-6). Suppose 3*i = x - 1393, -4*x - v*i + 2*i = -5512. Is x prime?
True
Suppose 94499 = 12*k - 254353. Is k prime?
False
Let f(u) = 526*u**2 + 29*u + 74. Is f(-3) a prime number?
True
Let b(d) = -222*d - 483. Is b(-8) a prime number?
False
Let d be ((-30)/40)/(2/4696). Is d*(-5)/(30/2) prime?
True
Suppose 207*i - 208*i = -4201. Is i composite?
False
Let l(u) = -8*u - 14. Let c be l(-2). Suppose 0 = 5*j + 10, -c*j = -4*m + 319 + 169. Is m a prime number?
False
Suppose 5*g = -5*g + 60. Let f(v) = 18*v - 5. Is f(g) a prime number?
True
Let w(b) = -b + 3. Let l be w(-9). Let j = -9 + l. Suppose -1061 = 2*g - 7*g + j*r, -2*r - 215 = -g. Is g composite?
False
Suppose -4*q - 1488 = -4*o, -5*o = 3*q - 1700 - 184. Suppose i + 76 - o = 0. Is i a composite number?
True
Is ((-240)/(-45) - (-2)/(-6)) + 31526 a composite number?
False
Let z(j) be the first derivative of 56*j**3/3 - j**2/2 - 6*j - 10. Is z(-5) prime?
True
Suppose -k - 3*k + 148 = 0. Is k/(20/(-7) - -3) a prime number?
False
Suppose -s - 10645 = -3*j, -5*s - 13472 = -4*j + 736. Is j a prime number?
True
Let h be 11/(-33) - (-32)/6. Suppose h*a - 397 - 48 = 0. Is a composite?
False
Suppose 5*j - i - 17468 = 0, 3*i + 17464 = -3*j + 8*j. Is j a composite number?
True
Suppose -2*c + 3*x + 82948 = 0, 10*x - 14*x = 8. Is c prime?
False
Let w(k) = k**3 - 6*k**2 + k - 8. Suppose -3 = 4*a + 1, -25 = -4*y + a. Let i be w(y). Is (398 - (-2 - i))/2 composite?
False
Suppose 4*n - 9 = -5*n. Let q(u) = 554*u**2 + 3*u - 3. Is q(n) a prime number?
False
Suppose -5*o + 4*j + 15966 = 0, 4*j - 15974 = -8*o + 3*o. Is o a prime number?
False
Let o(j) = 10701*j + 26. Is o(1) a prime number?
False
Suppose -4*d + h = -3*h - 4464, -3353 = -3*d - 2*h. Is d prime?
True
Let y = -1522 + 3485. Is y composite?
True
Suppose 11*x - 23*x + 134364 = 0. Is x a composite number?
False
Suppose 4*w = 1448 + 1376. Suppose -35*a = 24*a + 17287. Let u = w + a. Is u a composite number?
True
Suppose p = 3*x + 626, -3*p + 673 = 4*x - 1270. Is p composite?
False
Suppose -4*f + 1282 = 2*u, -3*f - 3*u + 647 = -f. Is f composite?
True
Suppose -3*w = -0*w - 12. Suppose 3*q - 15 = -4*t - 2*q, -2*t + w*q + 40 = 0. Let u(a) = 29*a - 3. Is u(t) composite?
True
Let c be (-10)/(-25) + (-18)/(-5). Suppose 4*s = -c*r + 5*r + 5, 2*r = 4*s - 6. Let u = r - -52. Is u a prime number?
False
Let z(d) = -1454*d**3 - 3*d**2 + 5*d + 11. Is z(-2) prime?
True
Suppose -z = -4*z - 18. Let j be 1 - (3/3 - z). Is j + 84 - (0 + -1) composite?
False
Let y = 25 - 24. Is (0 + y)/(2/998) prime?
True
Let l = 913 + 586. Is l a prime number?
True
Suppose -7*m = -8*m. Suppose 0 = 2*i - 769 - 311. Suppose -u + m*u + 98 = -3*h, -5*h - i = -5*u. Is u composite?
False
Let r(h) = 83*h**3 - 12*h**2 + 44*h - 6. Is r(5) composite?
False
Let c be (-4)/14 - (-5820)/84. Suppose -70*m = -c*m - 1411. Is m composite?
True
Let j(h) = -h + 3. Let s be j(5). Suppose -2*q + 4*y = 2*q - 32, 3*q = 4*y + 26. Is 195/s*(-4)/q a composite number?
True
Let p = -20 - -24. Suppose -p*b = -h + 147, 0*b = 2*h + 4*b - 342. Is h composite?
False
Is 3 - (-2 - -8) - -220*11 a composite number?
False
Suppose 4*i + 11926 = 7*i - 5*n, 4*n = 4*i - 15888. Is i prime?
True
Suppose -6*a = -0*a. Let h be (-367)/(a - (-4 - -3)). Let k = h + 849. Is k a prime number?
False
Suppose 3*v - l - 11 = -0*l, 0 = 4*l + 8. Suppose 4*t - f - v = 2*t, -5*t = -2*f - 9. Suppose 0*n = t*n - 447. Is n a composite number?
False
Suppose -4*l = -3*i + 114, -2*i + 56 = 4*l - 6*l. Let o be (l - -1) + 6 + -4. Is (-2)/(o/(-15) - 2) composite?
True
Suppose 0 = 2*v + 4*i - 1126, 6*v - 2*i - 2779 = v. Is v prime?
True
Suppose -6 = -5*t + 2*o, -5*t - 4 - 8 = 4*o. Suppose -n = 2*i + 4, 5*n + 2*i + t*i - 12 = 0. Suppose -7*w + 573 = -n*w. Is w prime?
True
Let a(y) = -2*y**3 + 55*y**2 - 26*y - 20. Let v be a(27). Let f(g) = 8*g**2 + 2*g. Let q be f(-2). Is q/v - (-65)/1 prime?
False
Let z = 7937 + -4734. Is z a prime number?
True
Let s be 2 + 0 + 2/1. Let h(x) = 18*x**2 - 4*x + 9. Let f be h(6). Suppose a = s*a - f. Is a a composite number?
False
Suppose -5*j - 26 = -3*h, -5*h + 3*h - 3*j = 8. Is 21/(-6)*(h - (-1 - -265)) a prime number?
False
Is 2/(8/2434)*(-392)/(-98) composite?
True
Suppose 3*j = f - 9973, 5*f - j - 49789 = -5*j. Is f a prime number?
False
Let c(h) = 0*h**2 + 4*h**3 - h**3 + 2*h**2 - h - 13 - h**3. Is c(6) a composite number?
True
Suppose 12*l + 6372 = 19416. Is l composite?
False
Let o(q) be the first derivative of q**3/3 + 5*q**2/2 - 13*q + 7. Let l be o(9). Suppose 1017 = 2*y + 5*h, y - 2*h - 400 - l = 0. Is y prime?
False
Suppose t + 119 = g, -4*g - t + 725 = 234. Let u = 264 - g. Is u prime?
False
Let c = 48301 - 27522. Is c a composite number?
True
Suppose -5*p + 40 = -2*s - p, -2*s + p = 25. Let j be 2 + 1 + (-9)/(-1). Let h = s + j. Is h prime?
True
Let y = 28 + -15. Suppose -19 = z + y. Let s = z - -45. Is s composite?
False
Let l = 17 - 15. Suppose l*c = c + 2. Suppose 0 = 3*k - g - 384, c*g = -5*k + 4*g + 641. Is k prime?
True
Suppose j - 18 = -5*i, 4*i - 3*j + 6 = 28. Suppose 0*a - 5*a - 5*c + 290 = 0, 3*a = -i*c + 177. Is a a prime number?
False
Let c(n) = -54*n**2 + 61*n**2 + 7*n + 4 + n**3 - n. Let w be c(-6). Suppose v - 3 = 0, 5*v - 754 = -y + w*v. Is y a prime number?
True
Suppose b = 9 - 4. Suppose -b*p + 963 = -302. Is p composite?
True
Let b(d) = -3*d + 9. Let o be b(-14). Suppose -3*h + o = 3*w, h + 23 + 26 = 2*w. Suppose 0 = -